15
Let w(f) = 11*f**2 + 21*f - 24. Let y be 22/(-66) - (1 + 28/6). Let k(j) = -5*j**2 - 10*j + 11. Let a(p) = y*w(p) - 13*k(p). Determine a(5).
-4
Let t(w) = 3*w**3 + w**2 - w + 1. Let b(j) = j**3 + j**2 - j - 1. Let o(a) = -2*b(a) + t(a). Let r be o(0). Let c(d) = -d**2 - d + 4. Calculate c(r).
-8
Let d(l) = -l + 14. Let q(m) = 22 - m + 0 - 9 + 16. Let c(h) = 5*d(h) - 3*q(h). Let j be c(-11). Let x(g) = g**3 - 4*g**2 - 5*g - 7. Give x(j).
-7
Let w(i) be the first derivative of i**3/3 - 13*i**2/2 + 5*i + 76. What is w(13)?
5
Let c = 16 + 17. Let x(u) = -15 - 7*u + u**2 + c - 14. Give x(6).
-2
Suppose -w = 1, 4*l - 3*w = -12*w - 45. Let a(d) = -d**3 - 10*d**2 - 13*d - 31. Give a(l).
5
Let m(k) = -2*k - 2. Let a(j) = -4*j + 5. Let d be a(-3). Suppose -d = 2*b + 5*x + 2, 15 = -3*b - 3*x. Give m(b).
2
Let y be (7/((-35)/(-10)))/(-2). Let x(p) be the third derivative of p**6/20 + p**5/60 + p**4/24 + p**3/6 + 2*p**2. Determine x(y).
-5
Let l = -1840 + 1844. Let n(x) = -x**3 + 2*x**2 - 3*x + 1. Calculate n(l).
-43
Let z(t) = 11*t - 47. Let u be z(5). Let g(y) = 80 + u*y**2 - 7*y**2 - 74 + 4*y. Give g(-5).
11
Let o(f) = f**3 - 12*f**2 - 14*f + 5. Suppose -3*p - 4*k + 257 = 198, p = -4*k + 33. Calculate o(p).
-8
Let h = -8 - -7. Let k be 0 - (h - (2 + -1)). Suppose 3*m = -4*v + 13 - k, -4*v - m = -17. Let q(t) = t**2 - 6*t + 1. What is q(v)?
-4
Let z(d) = -d**3 + d**2 + 3*d - 2. Suppose -83 + 13 = -5*b. Suppose 0 = 3*y - b + 5. Give z(y).
-11
Let x(k) be the third derivative of 13*k**7/2520 + 67*k**4/24 - 27*k**2 - 1. Let i(d) be the second derivative of x(d). Suppose 2 = 3*w - 1. What is i(w)?
13
Suppose 5*h + 1 = 2*m + 13, -5*h = -5*m. Let n(a) be the third derivative of 11/120*a**6 + 0*a + 0 + 0*a**3 - 2*a**2 + 1/24*a**h + 0*a**5. Give n(1).
12
Let d = 589 + -595. Let q(a) = -a**2 - 3*a - 1. What is q(d)?
-19
Suppose 4*o = 3*c + 6, -4*c + 3*o = 2 + 6. Let i be (-5)/(-2)*c/(-5). Let q(w) be the third derivative of w**4/2 + 2*w**2. Determine q(i).
12
Let f(j) = j**3 + j**2 + j + 4. Let w(k) = -5*k**3 + k**2 - 2*k - 19. Let c(i) = -6*f(i) - w(i). Determine c(-6).
-17
Let a(g) = -7*g**3 - 10*g**3 + 4 + 16*g**3 - 2*g**2 - 4*g**3 - 10*g. Let n(b) = -b**3 - b**2 - b. Let d(k) = -a(k) + 6*n(k). Determine d(-5).
1
Let w(h) = -h**2 + h - 1. Let p(k) = 2*k**2 - 8*k + 16. Let i(f) = -p(f) - w(f). What is i(4)?
-3
Let o(n) = 4*n**2 + 13*n. Let y(z) = -3*z**2 - 12*z + 1. Let h = -2 + -4. Let v(d) = h*y(d) - 5*o(d). What is v(4)?
-10
Let c(h) = -6 - 2*h**2 + 8*h - 9*h**2 + 2*h**2 + 8*h**2. Calculate c(7).
1
Let b be (3/9)/((-4)/(-48)). Suppose -b*c + 28 = 4. Let z be 3/c*5*2. Let g(k) = k**3 - 6*k**2 + 6*k + 4. Give g(z).
9
Let c(s) = -s - 1. Suppose 6 = 4*m - 18. Give c(m).
-7
Let a(n) = n**3 - 5*n**2 - 8*n + 8. Let x = -374 - -380. What is a(x)?
-4
Suppose -3*y - c - 232 = -208, -y = c + 8. Let n(m) be the second derivative of -m**4/12 - 7*m**3/6 + 9*m**2/2 - 2*m. What is n(y)?
1
Let j(k) = -k**2 + k - 1. Let r be (-6 + 0 + 2)*-1. Let c be r*(12/(-16) + -3 + 4). Determine j(c).
-1
Let m(a) = -a**3 - 9*a**2 + 2*a + 17. Let k(g) = -5*g + 36. Let p be k(9). Let c be m(p). Let x(b) = 9*b**2 - b. Give x(c).
10
Let h(w) = -33*w - 42. Let l be h(-1). Let x(i) = -i**3 - 10*i**2 - 7*i + 4. Determine x(l).
-14
Let n(a) = -7*a**3 - a + 1. Let h be (-2)/(-8)*4/8*8. What is n(h)?
-7
Let i(b) = -b**3 + 8*b**2 - 3*b - 1. Let d(v) = -6*v**3 - v**2 + 2*v + 4. Let m be d(-1). What is i(m)?
27
Let t(v) be the third derivative of 29*v**4/24 - 7*v**3/2 + 4*v**2. Let z(s) = 7*s - 5. Let a(o) = 2*t(o) - 9*z(o). What is a(2)?
-7
Let n(d) = 3*d**3 + 21*d**2 + 16*d + 96. Let p(j) = j**3 + 7*j**2 + 5*j + 33. Let q(z) = 6*n(z) - 17*p(z). Calculate q(-6).
-15
Let i(z) = -5*z**2 + z + 5. Let g(w) = w**2 + 1. Let x(b) = -3*g(b) - i(b). Let f(l) be the first derivative of x(l). Calculate f(-1).
-5
Let p(t) = t**2 + 12*t + 15. Let j be (20/(-14))/(6 - (-123)/(-21)). Calculate p(j).
-5
Let o(d) = -11*d**3 + 42*d**2 - 52*d - 22. Let m(c) = 7*c**3 - 28*c**2 + 34*c + 15. Let z(h) = 8*m(h) + 5*o(h). Determine z(13).
-3
Let v(d) = -2*d**3 - 27*d**2 - 2*d + 143. Let a be v(-13). Let k(m) be the second derivative of m**5/20 - m**3/6 - 7*m**2/2 - 2*m. What is k(a)?
-7
Let v be (-4)/(-14) + (-65)/7. Let r(w) = -5*w**3 + 32*w**2 - 32*w - 44. Let l(x) = 3*x**3 - 21*x**2 + 21*x + 27. Let p(o) = 8*l(o) + 5*r(o). Calculate p(v).
5
Let o(c) = c**3 - 6*c**2 + c - 7. Suppose 3*r - 117 = 279. Let b be (r/(-55))/((-4)/10). Calculate o(b).
-1
Let i(x) = -2*x**2 + 5*x + 4. Suppose 0 = -3*s - 18 + 33. Suppose -s*k + 0*k - 2*z = -25, -15 = -3*k + 5*z. Give i(k).
-21
Let k(m) = -10*m + 3*m**2 + 1 + m**3 + 8*m + 3*m - 1. What is k(-3)?
-3
Let m(b) = -b + 2. Let h(x) = -x**3 - 2*x**2 + 3*x + 3. Suppose -28 = -20*j + 24*j. Let w be (-6)/(-21) + 16/j. Let d be h(w). Calculate m(d).
5
Let u(b) = 5*b - 37. Let g be u(12). Let w = -19 + g. Let q(v) be the second derivative of -v**5/20 + v**4/4 + v**3/3 + v**2 + 2*v. Determine q(w).
-6
Let f(b) = -13*b + 146. Let g be f(12). Let k(n) = n**3 + 11*n**2 + 12*n + 6. Determine k(g).
-14
Let w = 624 + -629. Let p(l) be the second derivative of -l**5/20 - l**4/2 - l**3/2 - l**2 - l. Determine p(w).
-12
Let i(x) = x**3 - 4*x**2 - x - 1. Suppose -198 + 36 = -54*p. Give i(p).
-13
Let s(r) = 2*r**2 - 19*r - 16. Let m be s(10). Let a(u) = -4*u - 7. What is a(m)?
17
Let q(x) = 8*x**2 - 3*x + 17. Let n(f) = -4*f**2 + f - 7. Let a(w) = -5*n(w) - 2*q(w). Calculate a(-1).
4
Let k(z) = -z. Suppose 4*t = n + 17, 4*n = -2*t - 0*t + 4. Suppose -o + 6 = 5*w, o - 5*o = t*w + 8. What is k(o)?
4
Let s(w) = 2170*w + 11 + 1 - 2172*w. Calculate s(9).
-6
Suppose 0 = -0*z - 4*z + 8. Let m(j) = -6 + 5*j - j**2 + 0*j**z - 11*j. Suppose -2*f + 2*a - 18 = 0, 8*f - 4*f = -8*a + 24. Determine m(f).
2
Let n(w) = w**3 - 21. Let d = -431 - -431. What is n(d)?
-21
Let x = -116 - -119. Let s(n) = -15 + 6 + n**2 - 3*n + 7 + 6. Determine s(x).
4
Let s be 1*(-1 - 1)*758/(-4). Let m(n) = 378*n**2 + 3*n - s*n**2 - 11*n - n + 3. Calculate m(-9).
3
Suppose 24 + 33 = -3*d. Let n(m) = m**2 + 18*m - 9. Give n(d).
10
Suppose 0*g - 3*g + 57 = 0. Let y = g - 17. Let z(x) = 0 - 3 + 2*x**2 - 4*x - 3*x**y. Calculate z(-4).
-3
Suppose 4*p - 36 - 64 = 4*j, 0 = 3*p - 4*j - 77. Let x = 25 - p. Let q(r) = 5*r + 11*r + 2*r - 9*r + r**x + 3. Determine q(-7).
-11
Let o be 2/3 + (-106)/(-36)*-6. Let q(p) = 2*p + 30. Determine q(o).
-4
Let b(c) = -c**3 + 7*c**2 - 4*c - 8. Let t be 3/(-2)*(-50)/15. Suppose -t*w - 12 = -42. Determine b(w).
4
Let r(v) = 8*v + 36. Let p be r(-5). Let c be 2/p*(-3 + 6/6). Let k(l) = 5*l**2 + l. What is k(c)?
6
Let x(l) = 3*l**3 + 7*l**2 + 2*l - 5. Let b(n) = -8*n**3 - 20*n**2 - 6*n + 14. Let j(t) = 4*b(t) + 11*x(t). Let r be (-9)/(90/16)*(-10)/4. What is j(r)?
9
Suppose -3*q = -q + 10, 2*f = q + 3. Let b(v) be the third derivative of -v**5/4 - v**4/24 - v**3/6 + 34*v**2 - 26*v. Calculate b(f).
-15
Suppose 2*q + m - 8 = 0, -q + m + 26 = -4*m. Let c = 10 - q. Suppose 0 = -c*d - 0*d. Let z(a) = -a**2 - 6. What is z(d)?
-6
Let h(a) = -a**3 + 11*a**2 - 12*a + 12. Let r(y) = -y**2 + y - 1. Let c(k) = -h(k) - 4*r(k). Let i be -14 + (-1 - (1 + -3)). Let m = i + 19. Calculate c(m).
4
Let q(j) be the first derivative of 27 + 6*j - 1/3*j**3 + 0*j**2. Suppose 0 = -5*w - 4*c - c, 0 = -5*w - 3*c. Give q(w).
6
Let d(w) be the third derivative of -w**6/120 - w**5/30 + w**4/12 - w**3/3 + 9*w**2 + 9. Calculate d(-4).
22
Let n(p) = -p - 11. Let q = -479 - -474. Calculate n(q).
-6
Let r(d) be the first derivative of d**3/3 + d**2/2 + 42*d - 193. What is r(0)?
42
Let z(d) = -29*d**2 - d. Let u(t) = -29*t**2 - t. Let c(y) = -4*u(y) + 5*z(y). Determine c(-1).
-28
Let r(x) = -34 + 9 + 29 - 14*x. Let y(f) = -5*f + 1. Let p(c) = 4*r(c) - 11*y(c). Calculate p(6).
-1
Suppose -28*i = -47*i + 21*i. Let c(h) = h + 6. What is c(i)?
6
Suppose -3*d = -75 - 0. Let o(k) = d - 22 + k**2 - 4*k + k. Determine o(2).
1
Let i(p) = p**3 + 1. Let y(q) = -2*q**3 - 3*q**2 - 2*q + 1. Let o(t) = -3*i(t) - y(t). Let x = 1 - 13. Let w be (-2)/x - 51/(-18). What is o(w)?
2
Suppose -27 = -4*c - 11. Suppose -15*l + 11*l = c. Let s(o) = -19*o**3 + 1. What is s(l)?
20
Let j(z) = -145 + 139 + z**2 + 3*z**2. Calculate j(-3).
30
Let d(f) = 2*f - 7. Let q be ((-48)/(